in base 14?
1
54 (base 6) to base 11
31
0 (base 2) to base 5
0
What is -322 (base 4) in base 13?
-46
What is -43 (base 7) in base 14?
-23
Convert 12 (base 9) to base 12.
b
What is 12 (base 4) in base 11?
6
3000 (base 4) to base 14
da
What is -3 (base 6) in base 11?
-3
-111 (base 3) to base 16
-d
What is -4 (base 5) in base 4?
-10
Convert 1 (base 4) to base 16.
1
-d7 (base 14) to base 8
-275
Convert 5 (base 16) to base 8.
5
Convert -5 (base 16) to base 8.
-5
-4 (base 15) to base 7
-4
What is -2 (base 3) in base 12?
-2
-213 (base 7) to base 11
-99
What is 10 (base 4) in base 11?
4
Convert -13 (base 8) to base 7.
-14
What is 70 (base 9) in base 7?
120
-28 (base 15) to base 14
-2a
15 (base 10) to base 7
21
Convert 3 (base 6) to base 4.
3
Convert -21101 (base 3) to base 6.
-531
-1205 (base 6) to base 11
-247
Convert -110 (base 4) to base 8.
-24
-10 (base 2) to base 13
-2
Convert 1 (base 6) to base 15.
1
What is -3 (base 16) in base 15?
-3
What is 3 (base 10) in base 4?
3
2 (base 7) to base 3
2
What is 23 (base 4) in base 5?
21
Convert 2 (base 8) to base 4.
2
2143 (base 5) to base 6
1214
What is 11110111 (base 2) in base 4?
3313
-2 (base 4) to base 11
-2
What is 0 (base 13) in base 15?
0
Convert -22 (base 4) to base 14.
-a
Convert 2 (base 4) to base 5.
2
What is 1 (base 15) in base 6?
1
6 (base 9) to base 12
6
What is -2d (base 16) in base 12?
-39
What is -16 (base 8) in base 11?
-13
-31 (base 7) to base 11
-20
Convert -140 (base 8) to base 10.
-96
-115 (base 8) to base 5
-302
What is -100 (base 10) in base 3?
-10201
What is 1 (base 2) in base 9?
1
What is 7 (base 9) in base 8?
7
What is 17 (base 14) in base 8?
25
Convert 36 (base 12) to base 2.
101010
Convert 2 (base 5) to base 3.
2
-1010 (base 2) to base 3
-101
Convert 1 (base 15) to base 8.
1
Convert 45 (base 8) to base 2.
100101
What is 6a (base 12) in base 5?
312
Convert 0 (base 5) to base 9.
0
Convert 4 (base 8) to base 12.
4
2 (base 16) to base 5
2
What is -52 (base 15) in base 11?
-70
0 (base 5) to base 9
0
301 (base 7) to base 5
1043
Convert c8 (base 14) to base 4.
2300
What is 41 (base 6) in base 15?
1a
-1000011 (base 2) to base 5
-232
What is -1b (base 15) in base 3?
-222
Convert 2 (base 11) to base 9.
2
Convert 2 (base 4) to base 16.
2
-8 (base 14) to base 5
-13
Convert 15 (base 14) to base 4.
103
What is 4 (base 8) in base 7?
4
What is 3 (base 8) in base 15?
3
What is 122 (base 7) in base 11?
5a
6 (base 16) to base 15
6
What is 2 (base 10) in base 16?
2
6 (base 7) to base 11
6
4 (base 7) to base 8
4
-10 (base 16) to base 8
-20
Convert 10111 (base 2) to base 6.
35
What is 10 (base 3) in base 2?
11
What is -1001000 (base 2) in base 6?
-200
-163 (base 8) to base 4
-1303
Convert 131 (base 4) to base 3.
1002
Convert c (base 13) to base 9.
13
What is 5 (base 12) in base 10?
5
Convert 1a (base 15) to base 16.
19
What is -1 (base 3) in base 5?
-1
-14 (base 7) to base 3
-102
What is 1003 (base 5) in base 8?
200
Convert 43 (base 15) to base 5.
223
0 (base 12) to base 3
0
-4 (base 13) to base 15
-4
What is 2 (base 4) in base 12?
2
Convert -1 (base 11) to base 7.
-1
What is -13 (base 7) in base 11?
-a
Convert 9 (base 13) to base 3.
100
Convert 11 (base 8) to base 12.
9
-58 (base 14) to base 8
-116
-3 (base 8) to base 4
-3
11001 (base 2) to base 11
23
24 (base 8) to base 9
22
What is 302 (base 5) in base 4?
1031
What is 5 (base 8) in base 3?
12
What is 68 (base 13) in base 11?
79
Convert 302 (base 4) to base 16.
32
Convert 31 (base 6) to base 10.
19
-27 (base 15) to base 10
-37
What is 95 (base 12) in base 4?
1301
-6 (base 16) to base 15
-6
Convert -3 (base 10) to base 6.
-3
-102222 (base 3) to base 15
-168
11 (base 4) to base 8
5
-61 (base 11) to base 5
-232
What is 8b (base 13) in base 7?
223
What is -86 (base 11) in base 8?
-136
Convert 1 (base 9) to base 2.
1
0 (base 15) to base 13
0
-b (base 14) to base 13
-b
Convert -13 (base 11) to base 15.
-e
Convert 103 (base 7) to base 5.
202
24 (base 5) to base 14
10
What is 51 (base 13) in base 5?
231
-e (base 16) to base 11
-13
2 (base 8) to base 2
10
What is 12 (base 14) in base 12?
14
Convert 0 (base 15) to base 12.
0
Convert 10 (base 4) to base 5.
4
Convert 1111 (base 5) to base 6.
420
-11 (base 5) to base 11
-6
Convert 14 (base 11) to base 14.
11
What is -1 (base 5) in base 14?
-1
312 (base 4) to base 8
66
Convert 110 (base 13) to base 14.
d0
What is -7 (base 14) in base 13?
-7
4 (base 9) to base 12
4
205 (base 8) to base 5
1013
11 (base 3) to base 5
4
Convert 42 (base 13) to base 16.
36
Convert 110 (base 8) to base 3.
2200
Convert -1212 (base 4) to base 9.
-123
Convert -6 (base 14) to base 3.
-20
Convert -10001001 (base 2) to base 3.
-12002
-3 (base 16) to base 11
-3
What is 2 (base 7) in base 4?
2
Convert 6 (base 16) to base 8.
6
What is -113 (base 4) in base 8?
-27
244 (base 6) to base 15
6a
Convert -297 (base 12) to base 7.
-1114
Convert -2 (base 7) to base 13.
-2
133 (base 5) to base 4
223
-1 (base 16) to base 15
-1
Convert 0 (base 8) to base 15.
0
Convert 1313 (base 4) to base 15.
7e
100020 (base 3) to base 2
11111001
Convert a4 (base 11) to base 12.
96
-3b (base 13) to base 7
-101
-32 (base 6) to base 4
-110
Convert -58 (base 9) to base 12.
-45
-41 (base 6) to base 10
-25
12 (base 13) to base 16
f
What is 7 (base 10) in base 8?
7
-112 (base 11) to base 10
-134
-3 (base 5) to base 14
-3
What is 22 (base 15) in base 4?
200
Convert 0 (base 3) to base 5.
0
56 (base 7) to base 4
221
Convert 14 (base 13) to base 8.
21
Convert -10 (base 13) to base 12.
-11
Convert 1 (base 4) to base 9.
1
Convert -1010 (base 2) to base 6.
-14
Convert -3 (base 7) to base 13.
-3
Convert -2212 (base 3) to base 6.
-205
What is -10012 (base 3) in base 9?
-105
1 (base 2) to base 11
1
Convert -33 (base 13) to base 7.
-60
34 (base 13) to base 5
133
-3 (base 5) to base 6
-3
What is -4 (base 6) in base 4?
-10
What is -31 (base 6) in base 3?
-201
-11 (base 4) to base 2
-101
Convert 1 (base 8) to base 6.
1
3 (base 4) to base 15
3
What is -100 (base 2) in base 5?
-4
Convert 96 (base 12) to base 4.
1302
Convert -5 (base 12) to base 9.
-5
1 (base 11) to base 2
1
Convert c (base 13) to base 5.
22
What is -1001 (base 2) in base 16?
-9
Convert -1 (base 13) to base 5.
-1
-6 (base 10) to base 12
-6
What is 0 (base 12) in base 8?
0
Convert 323 (base 4) to base 3.
2012
-3 (base 16) to base 13
-3
46 (base 9) to base 4
222
Convert 6 (base 15) to base 2.
110
Convert 0 (base 16) to base 13.
0
Convert 214 (base 7) to base 4.
1231
What is 2 (base 5) in base 12?
2
Convert 10 (base 12) to base 11.
11
Convert 1101101 (base 2) to base 7.
214
What is -111 (base 6) in base 2?
-101011
11 (base 13) to base 2
1110
2 (base 10) to base 12
2
-1 (base 9) to base 2
-1
What is 0 (base 2) in base 11?
0
Convert 2 (base 11) to base 10.
2
Convert 101 (base 2) to base 3.
12
92 (base 12) to base 2
1101110
215 (base 9) to base 13
107
Convert 245 (base 7) to base 12.
ab
What is c5 (base 15) in base 7?
353
Convert 215 (base 6) to base 2.
1010011
What is 0 (base 12) in base 16?
0
Convert 30 (base 12) to base 3.
1100
Convert -10010 (base 2) to base 12.
-16
What is 4 (base 11) in base 7?
4
13 (base 6) to base 4
21
Convert -3 (base 7) to base 12.
-3
Convert -11 (base 2) to base 6.
-3
Convert 19a (base 11) to base 12.
172
-105 (base 8) to base 5
-234
What is 23 (base 9) in base 3?
210
Convert 102 (base 3) to base 4.
23
-124 (base 6) to base 12
-44
302 (base 4) to base 7
101
a (base 15) to base 14
a
What is -3 (base 10) in base 9?
-3
12 (base 13) to base 3
120
What is 231 (base 5) in base 8?
102
22 (base 6) to base 12
12
Convert c (base 14) to base 6.
20
Convert 6 (base 15) to base 5.
11
Convert 2a (base 16) to base 9.
46
-2 (base 9) to base 5
-2
What is 1 (base 8) in base 11?
1
Convert -31 (base 14) to base 7.
-61
Convert 5 (base 15) to base 2.
101
0 (base 10) to base 7
0
What is -5 (base 6) in base 3?
-12
What is -62 (base 16) in base 8?
-142
What is 22 (base 10) in base 16?
16
Convert 6 (base 11) to base 6.
10
Convert 4 (base 7) to base 4.
10
2 (base 12) to base 14
2
What is d (base 14) in base 10?
13
-1b (base 15) to base 16
-1a
-4 (base 10) to base 5
-4
42 (base 5) to base 11
20
What is 10321 (base 4) in base 14?
185
What is 1101 (base 3) in base 16?
25
-101 (base 14) to base 2
-11000101
Convert 0 (base 11) to bas